{"id":4910,"date":"2026-03-19T15:13:06","date_gmt":"2026-03-19T14:13:06","guid":{"rendered":"https:\/\/pwlibra.pl\/?post_type=product&#038;p=4910"},"modified":"2026-03-19T15:21:09","modified_gmt":"2026-03-19T14:21:09","slug":"mapa-rowerowa-rowerowa-kraina-mapa-b2-laminowana","status":"publish","type":"product","link":"https:\/\/pwlibra.pl\/index.php\/produkt\/mapa-rowerowa-rowerowa-kraina-mapa-b2-laminowana\/","title":{"rendered":"Mapa rowerowa Rowerowa Kraina. Mapa B2 laminowana"},"content":{"rendered":"<p>mapa<\/p>\n","protected":false},"excerpt":{"rendered":"<p><strong>Mapa Rowerowej Krainy w skali 1:25000<\/strong><\/p>\n<p><strong>Format B2, mapa laminowana; Obszar Szklarskiej Por\u0119by.\u00a0<\/strong><\/p>\n<p>W \u015brodku: opis Rowerowej Krainy, informacje praktyczne, dekalog rowerzysty, spis wypo\u017cyczalni rower\u00f3w, opis trasy Single Track Szklarska nr 14<\/p>\n<p><strong>Wydanie I Szklarska Por\u0119ba 2025<\/strong><\/p>\n","protected":false},"featured_media":4911,"template":"","meta":[],"authors":[172,157],"publishers":[168,170],"product_brand":[],"product_cat":[101],"product_tag":[],"class_list":{"0":"post-4910","1":"product","2":"type-product","3":"status-publish","4":"has-post-thumbnail","6":"authors-brzezinski-miroslaw","7":"authors-koszela-daniel","8":"publishers-ksiegarnia-libra","9":"publishers-wydawnictwo-vado","10":"product_cat-mapy-i-przewodniki","11":"entry","12":"has-media","15":"first","16":"instock","17":"taxable","18":"shipping-taxable","19":"purchasable","20":"product-type-simple","21":"has-product-nav","22":"col","23":"span_1_of_4","24":"owp-content-center","25":"owp-thumbs-layout-horizontal","26":"owp-btn-normal","27":"owp-tabs-layout-horizontal"},"_links":{"self":[{"href":"https:\/\/pwlibra.pl\/index.php\/wp-json\/wp\/v2\/product\/4910","targetHints":{"allow":["GET"]}}],"collection":[{"href":"https:\/\/pwlibra.pl\/index.php\/wp-json\/wp\/v2\/product"}],"about":[{"href":"https:\/\/pwlibra.pl\/index.php\/wp-json\/wp\/v2\/types\/product"}],"version-history":[{"count":2,"href":"https:\/\/pwlibra.pl\/index.php\/wp-json\/wp\/v2\/product\/4910\/revisions"}],"predecessor-version":[{"id":4916,"href":"https:\/\/pwlibra.pl\/index.php\/wp-json\/wp\/v2\/product\/4910\/revisions\/4916"}],"wp:featuredmedia":[{"embeddable":true,"href":"https:\/\/pwlibra.pl\/index.php\/wp-json\/wp\/v2\/media\/4911"}],"wp:attachment":[{"href":"https:\/\/pwlibra.pl\/index.php\/wp-json\/wp\/v2\/media?parent=4910"}],"wp:term":[{"taxonomy":"authors","embeddable":true,"href":"https:\/\/pwlibra.pl\/index.php\/wp-json\/wp\/v2\/authors?post=4910"},{"taxonomy":"publishers","embeddable":true,"href":"https:\/\/pwlibra.pl\/index.php\/wp-json\/wp\/v2\/publishers?post=4910"},{"taxonomy":"product_brand","embeddable":true,"href":"https:\/\/pwlibra.pl\/index.php\/wp-json\/wp\/v2\/product_brand?post=4910"},{"taxonomy":"product_cat","embeddable":true,"href":"https:\/\/pwlibra.pl\/index.php\/wp-json\/wp\/v2\/product_cat?post=4910"},{"taxonomy":"product_tag","embeddable":true,"href":"https:\/\/pwlibra.pl\/index.php\/wp-json\/wp\/v2\/product_tag?post=4910"}],"curies":[{"name":"wp","href":"https:\/\/api.w.org\/{rel}","templated":true}]}}