{"id":4882,"date":"2026-03-19T14:28:44","date_gmt":"2026-03-19T13:28:44","guid":{"rendered":"https:\/\/pwlibra.pl\/?post_type=product&#038;p=4882"},"modified":"2026-03-19T15:22:21","modified_gmt":"2026-03-19T14:22:21","slug":"szlaki-turystyczne-karpacz-i-okolice-laminowana","status":"publish","type":"product","link":"https:\/\/pwlibra.pl\/index.php\/produkt\/szlaki-turystyczne-karpacz-i-okolice-laminowana\/","title":{"rendered":"Szlaki turystyczne Karpacz i okolice laminowana"},"content":{"rendered":"<p>mapa<\/p>\n","protected":false},"excerpt":{"rendered":"<p><strong>Schemat szlak\u00f3w w Karpacza i okolicy<\/strong><\/p>\n<p>Wersja laminowana, format B3.<\/p>\n<p>W \u015brodku opis 48 atrakcji w mie\u015bcie i okolicy. Propozycje 3 wycieczek po Szklarskiej Por\u0119bie.<\/p>\n<p><strong>Wydanie I Szklarska Por\u0119ba 2025<\/strong><\/p>\n","protected":false},"featured_media":4883,"template":"","meta":[],"authors":[157],"publishers":[168,170],"product_brand":[],"product_cat":[101],"product_tag":[],"class_list":{"0":"post-4882","1":"product","2":"type-product","3":"status-publish","4":"has-post-thumbnail","6":"authors-koszela-daniel","7":"publishers-ksiegarnia-libra","8":"publishers-wydawnictwo-vado","9":"product_cat-mapy-i-przewodniki","10":"entry","11":"has-media","14":"first","15":"instock","16":"taxable","17":"shipping-taxable","18":"purchasable","19":"product-type-simple","20":"has-product-nav","21":"col","22":"span_1_of_4","23":"owp-content-center","24":"owp-thumbs-layout-horizontal","25":"owp-btn-normal","26":"owp-tabs-layout-horizontal"},"_links":{"self":[{"href":"https:\/\/pwlibra.pl\/index.php\/wp-json\/wp\/v2\/product\/4882","targetHints":{"allow":["GET"]}}],"collection":[{"href":"https:\/\/pwlibra.pl\/index.php\/wp-json\/wp\/v2\/product"}],"about":[{"href":"https:\/\/pwlibra.pl\/index.php\/wp-json\/wp\/v2\/types\/product"}],"version-history":[{"count":1,"href":"https:\/\/pwlibra.pl\/index.php\/wp-json\/wp\/v2\/product\/4882\/revisions"}],"predecessor-version":[{"id":4886,"href":"https:\/\/pwlibra.pl\/index.php\/wp-json\/wp\/v2\/product\/4882\/revisions\/4886"}],"wp:featuredmedia":[{"embeddable":true,"href":"https:\/\/pwlibra.pl\/index.php\/wp-json\/wp\/v2\/media\/4883"}],"wp:attachment":[{"href":"https:\/\/pwlibra.pl\/index.php\/wp-json\/wp\/v2\/media?parent=4882"}],"wp:term":[{"taxonomy":"authors","embeddable":true,"href":"https:\/\/pwlibra.pl\/index.php\/wp-json\/wp\/v2\/authors?post=4882"},{"taxonomy":"publishers","embeddable":true,"href":"https:\/\/pwlibra.pl\/index.php\/wp-json\/wp\/v2\/publishers?post=4882"},{"taxonomy":"product_brand","embeddable":true,"href":"https:\/\/pwlibra.pl\/index.php\/wp-json\/wp\/v2\/product_brand?post=4882"},{"taxonomy":"product_cat","embeddable":true,"href":"https:\/\/pwlibra.pl\/index.php\/wp-json\/wp\/v2\/product_cat?post=4882"},{"taxonomy":"product_tag","embeddable":true,"href":"https:\/\/pwlibra.pl\/index.php\/wp-json\/wp\/v2\/product_tag?post=4882"}],"curies":[{"name":"wp","href":"https:\/\/api.w.org\/{rel}","templated":true}]}}