{"id":4733,"date":"2025-12-15T17:15:04","date_gmt":"2025-12-15T16:15:04","guid":{"rendered":"https:\/\/pwlibra.pl\/?post_type=product&#038;p=4733"},"modified":"2025-12-15T17:15:04","modified_gmt":"2025-12-15T16:15:04","slug":"wiesenstein-tajemnice-willi-gerharta-hauptmanna","status":"publish","type":"product","link":"https:\/\/pwlibra.pl\/index.php\/produkt\/wiesenstein-tajemnice-willi-gerharta-hauptmanna\/","title":{"rendered":"Wiesenstein. Tajemnice willi Gerharta Hauptmanna"},"content":{"rendered":"<p>Ksi\u0105\u017cka<\/p>\n","protected":false},"excerpt":{"rendered":"<p>Zacz\u0105tk\u00f3w pomys\u0142u opracowania niezmiernie interesuj\u0105cego zagadnienia odno\u015bnie powszedniego dnia w dawnej willi Gerharta i Margarety Hauptmann\u00f3w \u201eWiesenstein\u201d, w kt\u00f3rej oboje, a pocz\u0105tkowo tak\u017ce z synem Benvenuto, mieszkali niemal p\u00f3\u0142 wieku, bo w latach 1901\u20131946, nale\u017ca\u0142oby szuka\u0107 w 2019 roku, kiedy to autor niniejszych s\u0142\u00f3w, jako konsultant naukowy Muzeum Miejskiego \u201eDom Gerharta Hauptmanna\u201d, opracowa\u0142 konspekt cyklu prelekcji dla pracownik\u00f3w Muzeum, kt\u00f3re mia\u0142y przybli\u017cy\u0107 ma\u0142o znane wydarzenia i zwyczaje w karkonoskiej rezydencji laureata Nagrody Nobla.<br \/>\nRekonstrukcja dnia i pracy wielkiego pisarza oraz jego \u017cony, a tak\u017ce innych os\u00f3b zatrudnionych w Agnetendorf nie jest zadaniem \u0142atwym, gdy\u017c mimo istnienia pewnej ilo\u015bci \u017ar\u00f3de\u0142, jak dzienniki, wspomnienia, korespondencja czy dziennikarskie reporta\u017ce, ca\u0142okszta\u0142t codziennego \u201epulsu\u201d tego niecodziennego domu z powodu niezwyk\u0142ego tempa dziej\u0105cych si\u0119 tam wydarze\u0144, wymyka si\u0119 dok\u0142adnemu, plastycznemu opisowi. Je\u015bli autor podj\u0105\u0142 si\u0119 zadania odtworzenia tych niezwykle interesuj\u0105cych, a przecie\u017c ma\u0142o znanych reali\u00f3w dnia codziennego, zwi\u0105zanych z wielk\u0105 postaci\u0105 Gerharta Hauptmanna, maj\u0105cych istotny wp\u0142yw na sfer\u0119 wydarze\u0144 literackich, kulturalnych i spo\u0142ecznych w szerszym aspekcie, to wy\u0142\u0105cznie dlatego, i\u017c od wielu ju\u017c lat interesuje si\u0119 \u017cyciem i tw\u00f3rczo\u015bci\u0105 tego pisarza, a tak\u017ce szerokim kr\u0119giem niemieckiej kultury dolno\u015bl\u0105skiej okresu sprzed 1945 roku. (\u2026)<\/p>\n<p><em>(Wst\u0119p, Krzysztof A. Kuczy\u0144ski)<\/em><\/p>\n<p><strong>Spis tre\u015bci<\/strong><\/p>\n<p><strong>Wst\u0119p<\/strong><br \/>\n<strong>Agnetendorf \u2013 willa \u201eW i e s e n s t e i n\u201d<\/strong><br \/>\n<strong>Rodzina i najbli\u017csze otoczenie<\/strong><br \/>\n<strong>Personel pomocniczy<\/strong><br \/>\n<strong>ILUSTRACJE \u2013 Widok willi z zewn\u0105trz, park\u2026<\/strong><br \/>\n<strong>Zabytki willi \u201eWiesenstein\u201d<\/strong><br \/>\n<strong>W parku<\/strong><br \/>\n<strong>Rozrywki Gerharta i Margarety<\/strong><br \/>\n<strong>Go\u015bcie<\/strong><br \/>\n<strong>Ceremonia\u0142 przy stole<\/strong><br \/>\n<strong>ILUSTRACJE \u2013 Wyposa\u017cenie willi<\/strong><br \/>\n<strong>Pisarz i alkohol<\/strong><br \/>\n<strong>Sekretarze i archiwi\u015bci<\/strong><br \/>\n<strong>O literackim warsztacie<\/strong><br \/>\n<strong>\u201eFestivitas\u201d: wino i literatura<\/strong><br \/>\n<strong>ILUSTRACJE \u2013 Gerhart Hauptmann, rodzina, personel willi i go\u015bcie<\/strong><br \/>\n<strong>Ostatnie miesi\u0105ce<\/strong><br \/>\n<strong>Pos\u0142owie<\/strong><br \/>\n<strong>Szkice pomieszcze\u0144 willi<\/strong><br \/>\n<strong>Bibliografia<\/strong><br \/>\n<strong>Aneks<\/strong><\/p>\n","protected":false},"featured_media":4734,"template":"","meta":[],"authors":[164],"publishers":[113],"product_brand":[],"product_cat":[96],"product_tag":[],"class_list":{"0":"post-4733","1":"product","2":"type-product","3":"status-publish","4":"has-post-thumbnail","6":"authors-kuczynski-krzysztof-a","7":"publishers-wydawnictwo-ad-rem","8":"product_cat-ksiazki","9":"entry","10":"has-media","13":"first","14":"instock","15":"taxable","16":"shipping-taxable","17":"purchasable","18":"product-type-simple","19":"has-product-nav","20":"col","21":"span_1_of_4","22":"owp-content-center","23":"owp-thumbs-layout-horizontal","24":"owp-btn-normal","25":"owp-tabs-layout-horizontal","26":"has-no-thumbnails"},"_links":{"self":[{"href":"https:\/\/pwlibra.pl\/index.php\/wp-json\/wp\/v2\/product\/4733","targetHints":{"allow":["GET"]}}],"collection":[{"href":"https:\/\/pwlibra.pl\/index.php\/wp-json\/wp\/v2\/product"}],"about":[{"href":"https:\/\/pwlibra.pl\/index.php\/wp-json\/wp\/v2\/types\/product"}],"version-history":[{"count":1,"href":"https:\/\/pwlibra.pl\/index.php\/wp-json\/wp\/v2\/product\/4733\/revisions"}],"predecessor-version":[{"id":4735,"href":"https:\/\/pwlibra.pl\/index.php\/wp-json\/wp\/v2\/product\/4733\/revisions\/4735"}],"wp:featuredmedia":[{"embeddable":true,"href":"https:\/\/pwlibra.pl\/index.php\/wp-json\/wp\/v2\/media\/4734"}],"wp:attachment":[{"href":"https:\/\/pwlibra.pl\/index.php\/wp-json\/wp\/v2\/media?parent=4733"}],"wp:term":[{"taxonomy":"authors","embeddable":true,"href":"https:\/\/pwlibra.pl\/index.php\/wp-json\/wp\/v2\/authors?post=4733"},{"taxonomy":"publishers","embeddable":true,"href":"https:\/\/pwlibra.pl\/index.php\/wp-json\/wp\/v2\/publishers?post=4733"},{"taxonomy":"product_brand","embeddable":true,"href":"https:\/\/pwlibra.pl\/index.php\/wp-json\/wp\/v2\/product_brand?post=4733"},{"taxonomy":"product_cat","embeddable":true,"href":"https:\/\/pwlibra.pl\/index.php\/wp-json\/wp\/v2\/product_cat?post=4733"},{"taxonomy":"product_tag","embeddable":true,"href":"https:\/\/pwlibra.pl\/index.php\/wp-json\/wp\/v2\/product_tag?post=4733"}],"curies":[{"name":"wp","href":"https:\/\/api.w.org\/{rel}","templated":true}]}}

<p>Książka</p>

<p>Zaczątków pomysłu opracowania niezmiernie interesującego zagadnienia odnośnie powszedniego dnia w dawnej willi Gerharta i Margarety Hauptmannów „Wiesenstein”, w której oboje, a początkowo także z synem Benvenuto, mieszkali niemal pół wieku, bo w latach 1901–1946, należałoby szukać w 2019 roku, kiedy to autor niniejszych słów, jako konsultant naukowy Muzeum Miejskiego „Dom Gerharta Hauptmanna”, opracował konspekt cyklu prelekcji dla pracowników Muzeum, które miały przybliżyć mało znane wydarzenia i zwyczaje w karkonoskiej rezydencji laureata Nagrody Nobla.<br />
Rekonstrukcja dnia i pracy wielkiego pisarza oraz jego żony, a także innych osób zatrudnionych w Agnetendorf nie jest zadaniem łatwym, gdyż mimo istnienia pewnej ilości źródeł, jak dzienniki, wspomnienia, korespondencja czy dziennikarskie reportaże, całokształt codziennego „pulsu” tego niecodziennego domu z powodu niezwykłego tempa dziejących się tam wydarzeń, wymyka się dokładnemu, plastycznemu opisowi. Jeśli autor podjął się zadania odtworzenia tych niezwykle interesujących, a przecież mało znanych realiów dnia codziennego, związanych z wielką postacią Gerharta Hauptmanna, mających istotny wpływ na sferę wydarzeń literackich, kulturalnych i społecznych w szerszym aspekcie, to wyłącznie dlatego, iż od wielu już lat interesuje się życiem i twórczością tego pisarza, a także szerokim kręgiem niemieckiej kultury dolnośląskiej okresu sprzed 1945 roku. (…)</p>
<p><em>(Wstęp, Krzysztof A. Kuczyński)</em></p>
<p><strong>Spis treści</strong></p>
<p><strong>Wstęp</strong><br />
<strong>Agnetendorf – willa „W i e s e n s t e i n”</strong><br />
<strong>Rodzina i najbliższe otoczenie</strong><br />
<strong>Personel pomocniczy</strong><br />
<strong>ILUSTRACJE – Widok willi z zewnątrz, park…</strong><br />
<strong>Zabytki willi „Wiesenstein”</strong><br />
<strong>W parku</strong><br />
<strong>Rozrywki Gerharta i Margarety</strong><br />
<strong>Goście</strong><br />
<strong>Ceremoniał przy stole</strong><br />
<strong>ILUSTRACJE – Wyposażenie willi</strong><br />
<strong>Pisarz i alkohol</strong><br />
<strong>Sekretarze i archiwiści</strong><br />
<strong>O literackim warsztacie</strong><br />
<strong>„Festivitas”: wino i literatura</strong><br />
<strong>ILUSTRACJE – Gerhart Hauptmann, rodzina, personel willi i goście</strong><br />
<strong>Ostatnie miesiące</strong><br />
<strong>Posłowie</strong><br />
<strong>Szkice pomieszczeń willi</strong><br />
<strong>Bibliografia</strong><br />
<strong>Aneks</strong></p>
