{"id":4727,"date":"2025-12-15T17:08:56","date_gmt":"2025-12-15T16:08:56","guid":{"rendered":"https:\/\/pwlibra.pl\/?post_type=product&#038;p=4727"},"modified":"2025-12-15T17:08:56","modified_gmt":"2025-12-15T16:08:56","slug":"schaffgotschowie-panowie-na-chojniku-i-cieplicach","status":"publish","type":"product","link":"https:\/\/pwlibra.pl\/index.php\/produkt\/schaffgotschowie-panowie-na-chojniku-i-cieplicach\/","title":{"rendered":"Schaffgotschowie. Panowie na Chojniku i Cieplicach"},"content":{"rendered":"<p>Ksi\u0105\u017cka<\/p>\n","protected":false},"excerpt":{"rendered":"<p>\u201eSzanowny Czytelniku trafia do r\u0105k Twoich drugie dzie\u0142o dotycz\u0105ce Cieplic, a w\u0142a\u015bciwie mo\u017cnego \u015bl\u0105skiego rodu Schaffgotsch\u00f3w, kt\u00f3ry od pocz\u0105tku XV do prawie po\u0142owy XX wieku by\u0142 w\u0142a\u015bcicielem obecnie uzdrowiskowej dzielnicy Jeleniej G\u00f3ry.<\/p>\n<p>Jego autorem jest Arkadiusz Kuzio-Podrucki (\u2026). W 2007 roku opublikowa\u0142 monografi\u0119 (jako dorobek naukowy Katedry Biografistyki Uniwersytetu Opolskiego), pt. <em>Schaffgotschowie. Zmienne losy \u015bl\u0105skiej arystokracji<\/em>. Druk tej publikacji sfinansowa\u0142 Urz\u0105d Miejski w Bytomiu. Autor opisa\u0142 w niej wszystkie linie rodu Schaffgotsch\u00f3w: dolno\u015bl\u0105sk\u0105, g\u00f3rno\u015bl\u0105sk\u0105, czesk\u0105 i austriack\u0105. Ksi\u0105\u017cce towarzyszy\u0142o kolorowe i z du\u017c\u0105 staranno\u015bci\u0105, cho\u0107 skr\u00f3towo przygotowane w formacie A3, drzewo genealogiczne Schaffgotsch\u00f3w.<\/p>\n<p>W zwi\u0105zku z tym, \u017ce ta cenna, szczeg\u00f3lnie dla naszego regionu, praca wydana by\u0142a w stosunkowo niedu\u017cym nak\u0142adzie, nie by\u0142a znana a tym bardziej dost\u0119pna szerszemu gronu czytelnik\u00f3w na Dolnym \u015al\u0105sku, w tym w Kotlinie Jeleniog\u00f3rskiej.<\/p>\n<p>Tak si\u0119 z\u0142o\u017cy\u0142o, \u017ce kiedy Muzeum Przyrodnicze w Jeleniej G\u00f3rze stara\u0142o si\u0119, od 2009 roku, o wydanie przet\u0142umaczonego przez Andrzeja Paczosa dzie\u0142a Caspra Schwenckfeldta \u201eDok\u0142adne opisanie jeleniog\u00f3rskiego ciep\u0142ego zdroju po\u0142o\u017conego na \u015al\u0105sku pod Karkonoszami\u201d, kt\u00f3re ukaza\u0142o si\u0119 w 2011 roku jako pierwsza pozycja z cyklu: \u201e\u0179r\u00f3d\u0142a Cieplickie\u201d, jeden z kolekcjoner\u00f3w cieplickich dostarczy\u0142 mi egzemplarz dzie\u0142a Pana Arkadiusza Kuzio-Podruckiego. (\u2026)<\/p>\n<p>Niniejsze wydanie \u201ecieplickie\u201d monografii Schaffgotsch\u00f3w zosta\u0142o uzupe\u0142nione wieloma ilustracjami, z kt\u00f3rych du\u017ca cz\u0119\u015b\u0107 jest publikowana pierwszy raz\u201d.<\/p>\n<p>Stanis\u0142aw Firszt<br \/>\nDyrektor Muzeum Przyrodniczego<br \/>\nw Jeleniej G\u00f3rze<\/p>\n","protected":false},"featured_media":4728,"template":"","meta":[],"authors":[163],"publishers":[113],"product_brand":[],"product_cat":[96],"product_tag":[],"class_list":{"0":"post-4727","1":"product","2":"type-product","3":"status-publish","4":"has-post-thumbnail","6":"authors-kuzio-podrucki-arkadiusz","7":"publishers-wydawnictwo-ad-rem","8":"product_cat-ksiazki","9":"entry","10":"has-media","13":"first","14":"instock","15":"taxable","16":"shipping-taxable","17":"purchasable","18":"product-type-simple","19":"has-product-nav","20":"col","21":"span_1_of_4","22":"owp-content-center","23":"owp-thumbs-layout-horizontal","24":"owp-btn-normal","25":"owp-tabs-layout-horizontal","26":"has-no-thumbnails"},"_links":{"self":[{"href":"https:\/\/pwlibra.pl\/index.php\/wp-json\/wp\/v2\/product\/4727","targetHints":{"allow":["GET"]}}],"collection":[{"href":"https:\/\/pwlibra.pl\/index.php\/wp-json\/wp\/v2\/product"}],"about":[{"href":"https:\/\/pwlibra.pl\/index.php\/wp-json\/wp\/v2\/types\/product"}],"version-history":[{"count":1,"href":"https:\/\/pwlibra.pl\/index.php\/wp-json\/wp\/v2\/product\/4727\/revisions"}],"predecessor-version":[{"id":4729,"href":"https:\/\/pwlibra.pl\/index.php\/wp-json\/wp\/v2\/product\/4727\/revisions\/4729"}],"wp:featuredmedia":[{"embeddable":true,"href":"https:\/\/pwlibra.pl\/index.php\/wp-json\/wp\/v2\/media\/4728"}],"wp:attachment":[{"href":"https:\/\/pwlibra.pl\/index.php\/wp-json\/wp\/v2\/media?parent=4727"}],"wp:term":[{"taxonomy":"authors","embeddable":true,"href":"https:\/\/pwlibra.pl\/index.php\/wp-json\/wp\/v2\/authors?post=4727"},{"taxonomy":"publishers","embeddable":true,"href":"https:\/\/pwlibra.pl\/index.php\/wp-json\/wp\/v2\/publishers?post=4727"},{"taxonomy":"product_brand","embeddable":true,"href":"https:\/\/pwlibra.pl\/index.php\/wp-json\/wp\/v2\/product_brand?post=4727"},{"taxonomy":"product_cat","embeddable":true,"href":"https:\/\/pwlibra.pl\/index.php\/wp-json\/wp\/v2\/product_cat?post=4727"},{"taxonomy":"product_tag","embeddable":true,"href":"https:\/\/pwlibra.pl\/index.php\/wp-json\/wp\/v2\/product_tag?post=4727"}],"curies":[{"name":"wp","href":"https:\/\/api.w.org\/{rel}","templated":true}]}}

<p>Książka</p>

<p>„Szanowny Czytelniku trafia do rąk Twoich drugie dzieło dotyczące Cieplic, a właściwie możnego śląskiego rodu Schaffgotschów, który od początku XV do prawie połowy XX wieku był właścicielem obecnie uzdrowiskowej dzielnicy Jeleniej Góry.</p>
<p>Jego autorem jest Arkadiusz Kuzio-Podrucki (…). W 2007 roku opublikował monografię (jako dorobek naukowy Katedry Biografistyki Uniwersytetu Opolskiego), pt. <em>Schaffgotschowie. Zmienne losy śląskiej arystokracji</em>. Druk tej publikacji sfinansował Urząd Miejski w Bytomiu. Autor opisał w niej wszystkie linie rodu Schaffgotschów: dolnośląską, górnośląską, czeską i austriacką. Książce towarzyszyło kolorowe i z dużą starannością, choć skrótowo przygotowane w formacie A3, drzewo genealogiczne Schaffgotschów.</p>
<p>W związku z tym, że ta cenna, szczególnie dla naszego regionu, praca wydana była w stosunkowo niedużym nakładzie, nie była znana a tym bardziej dostępna szerszemu gronu czytelników na Dolnym Śląsku, w tym w Kotlinie Jeleniogórskiej.</p>
<p>Tak się złożyło, że kiedy Muzeum Przyrodnicze w Jeleniej Górze starało się, od 2009 roku, o wydanie przetłumaczonego przez Andrzeja Paczosa dzieła Caspra Schwenckfeldta „Dokładne opisanie jeleniogórskiego ciepłego zdroju położonego na Śląsku pod Karkonoszami”, które ukazało się w 2011 roku jako pierwsza pozycja z cyklu: „Źródła Cieplickie”, jeden z kolekcjonerów cieplickich dostarczył mi egzemplarz dzieła Pana Arkadiusza Kuzio-Podruckiego. (…)</p>
<p>Niniejsze wydanie „cieplickie” monografii Schaffgotschów zostało uzupełnione wieloma ilustracjami, z których duża część jest publikowana pierwszy raz”.</p>
<p>Stanisław Firszt<br />
Dyrektor Muzeum Przyrodniczego<br />
w Jeleniej Górze</p>
