{"id":4691,"date":"2025-12-15T16:31:34","date_gmt":"2025-12-15T15:31:34","guid":{"rendered":"https:\/\/pwlibra.pl\/?post_type=product&#038;p=4691"},"modified":"2025-12-15T16:31:34","modified_gmt":"2025-12-15T15:31:34","slug":"walonowie-u-ducha-gor-podziemne-skarby-karkonoszy-i-gor-izerskich","status":"publish","type":"product","link":"https:\/\/pwlibra.pl\/index.php\/produkt\/walonowie-u-ducha-gor-podziemne-skarby-karkonoszy-i-gor-izerskich\/","title":{"rendered":"Walonowie u Ducha G\u00f3r. Podziemne skarby Karkonoszy i G\u00f3r Izerskich"},"content":{"rendered":"<p>Ksi\u0105\u017cka<\/p>\n","protected":false},"excerpt":{"rendered":"<div class=\"woocommerce-product-details__short-description\">\n<p>Wyobra\u017ania jest jak demiurg. Potrafi stworzy\u0107 w umy\u015ble obraz czego\u015b, co nie istnieje, nada\u0107 temu kszta\u0142t, barw\u0119, faktur\u0119, wpompowa\u0107 w to co\u015b \u017cycie. Uwiarygodni\u0107 istnienie, kt\u00f3re w rzeczywisto\u015bci nie ma prawa bytu. Sk\u0142oni\u0107 nawet nie tylko do wiary, ale wprost przekonania o nieistniej\u0105cym, \u017ce istnieje albo i istniej\u0105cym, \u017ce nie istnieje. Wyobra\u017ania w\u0105tpliwo\u015bci zamienia w przes\u0142anki, nie\u015bcis\u0142o\u015bci w znaki, emocje w intuicj\u0119. Malowane jej p\u0119dzlem p\u0142\u00f3tno nigdy nie jest czyste, nigdy nie wida\u0107 na nim tego, co jest. Ale to nawet lepiej. Wyobra\u017ania jest przecie\u017c od kreowania, a nie od odtwarzania. Nie mo\u017ce wi\u0119c zosta\u0107 zweryfikowana.<\/p>\n<p>Zdaje si\u0119, \u017ce doskonale wiedzieli o tym walonowie, kt\u00f3rzy od \u015bredniowiecza przeczesywali Karkonosze i G\u00f3ry Izerskie w poszukiwaniu minera\u0142\u00f3w i kamieni szlachetnych. Owszem, znajdowali tu wspania\u0142e okazy ametyst\u00f3w czy granat\u00f3w, zaiste kre\u015blili mapy doj\u015bcia do miejsc wydobycia, w rzeczy samej stworzyli zamkni\u0119t\u0105 spo\u0142eczno\u015b\u0107, rz\u0105dz\u0105c\u0105 si\u0119 w\u0142asnymi prawami. Jednakowo\u017c to, co wiedziano o owocach ich pracy, o towarzysz\u0105cych jej niebezpiecze\u0144stwach, o zasadach, kt\u00f3rymi si\u0119 kierowali, pozostawa\u0142o wy\u0142\u0105cznie domen\u0105 wyobra\u017ani. A tam rz\u0105dzi\u0142 Duch G\u00f3r, podziemne moce, zakl\u0119cia i tajemne rytua\u0142y. Temu, kto chcia\u0142by przekroczy\u0107 pr\u00f3g tego osobliwego teatru, grozi\u0142a zap\u0142ata najwy\u017cszej ceny.<\/p>\n<p>Nieod\u017ca\u0142owanej pami\u0119ci dr Przemys\u0142aw Wiater, wspania\u0142y regionalista i t\u0142umacz tekst\u00f3w \u017ar\u00f3d\u0142owych, ze swad\u0105 pisze o walonach i kr\u0105\u017c\u0105cych wok\u00f3\u0142 nich tajemnicach. Trzecie wydanie jego pracy, kt\u00f3re ukazuje si\u0119 w serii wydawniczej <a href=\"https:\/\/adrem.jgora.pl\/produkty\/serie-wydawnicze\/studia-ryfejskie\/\"><strong>Studia Ryfejskie<\/strong><\/a>, zosta\u0142o poprawione i rozszerzone m.in. o bardzo interesuj\u0105ce aneksy. <strong>Walonowie u Ducha G\u00f3r<\/strong> to znakomita lektura dla ka\u017cdego mi\u0142o\u015bnika Karkonoszy i G\u00f3r Izerskich.<\/p>\n<p><strong><em>Sandra Jask\u00f3lska<\/em><\/strong><\/p>\n<\/div>\n<p><strong>PRZEMYS\u0141AW WIATER<\/strong> (1958-2020), Wroc\u0142awianin z urodzenia, \u201eg\u00f3ral karkonoski\u201d z wyboru. Dzieci\u0144stwo sp\u0119dzi\u0142 w Jeleniej G\u00f3rze, gdzie uko\u0144czy\u0142 szko\u0142\u0119 podstawow\u0105 i liceum og\u00f3lnokszta\u0142c\u0105ce. Jako mi\u0142o\u015bnik historii wybra\u0142 Uniwersytet Wroc\u0142awski aby w jego murach uko\u0144czy\u0107 studia historyczne i studia z zakresu historii sztuki. Jako \u201epodw\u00f3jny\u201d magister na tym samym uniwersytecie uko\u0144czy\u0142 te\u017c studia doktoranckie pisz\u0105c rozpraw\u0119 doktorsk\u0105 pt. <em>Historia wroc\u0142awskiej komunikacji tramwajowej do 1945 r. <\/em>Los chcia\u0142, \u017ce w 1995 r. powr\u00f3ci\u0142 w Karkonosze otrzymuj\u0105c stanowisko kustosza w Domu Carla i Gerharta Hauptmann\u00f3w w Szklarskiej Por\u0119bie prowadzonym jako oddzia\u0142 Muzeum Karkonoskiego, w kt\u00f3rym wiosn\u0105 2020 r. wygra\u0142 konkurs i zosta\u0142 jego dyrektorem. Ten powr\u00f3t obu stronom wyszed\u0142 na dobre. Karkonosze zyska\u0142y dociekliwego historyka, kt\u00f3ry tropi\u0142 i odkrywa\u0142 zapomniane fakty i ukazywa\u0142 pi\u0119kno tych g\u00f3r szerokim rzeszom czytelnik\u00f3w. A Przemys\u0142aw Wiater znalaz\u0142 wdzi\u0119czny obiekt swych bada\u0144 naukowych i dzia\u0142alno\u015bci spo\u0142ecznej. To tu organizowa\u0142 rajd g\u00f3rski <em>Flanela<\/em> i slalom narciarski <em>Retro<\/em>, dzia\u0142a\u0142 w <em>Sudeckim Bractwie Walo\u0144skim<\/em>. Mo\u017cna powiedzie\u0107, \u017ce jako naukowiec zaprzyja\u017ani\u0142 si\u0119 z Duchem G\u00f3r. Pisa\u0142 i publikowa\u0142 du\u017co na \u0142amach r\u00f3\u017cnych czasopism i w Internecie. Napisa\u0142 r\u00f3wnie\u017c kilka ksi\u0105\u017cek, m.in. <em>Historia wroc\u0142awskiej komunikacji tramwajowej do 1945 r., Osada Szklarska Por\u0119ba \u2013 Orle w G\u00f3rach Izerskich. Monografia historyczna, Walonowie u Ducha G\u00f3r, Laboranci u Ducha G\u00f3r, Zauroczeni Karkonoszami, Kuchnia Ducha G\u00f3r, Stowarzyszenie Artyst\u00f3w \u015bw. \u0141ukasza w Szklarskiej Por\u0119bie G\u00f3rnej<\/em>. Wiecznie zabiegany i pracuj\u0105cy jada\u0142 chi\u0144skie zupy, ale czasami znajdowa\u0142 te\u017c chwil\u0119, aby realizowa\u0107 si\u0119 w kuchni. Spr\u00f3bujcie Jego smalcu izerskiego! Odszed\u0142 od nas 20 listopada<br \/>\n2020 r. pokonany przez koronawirusa i przewlek\u0142\u0105 chorob\u0119.<\/p>\n","protected":false},"featured_media":4692,"template":"","meta":[],"authors":[146],"publishers":[113],"product_brand":[],"product_cat":[96],"product_tag":[],"class_list":{"0":"post-4691","1":"product","2":"type-product","3":"status-publish","4":"has-post-thumbnail","6":"authors-wiater-przemyslaw","7":"publishers-wydawnictwo-ad-rem","8":"product_cat-ksiazki","9":"entry","10":"has-media","13":"first","14":"instock","15":"taxable","16":"shipping-taxable","17":"purchasable","18":"product-type-simple","19":"has-product-nav","20":"col","21":"span_1_of_4","22":"owp-content-center","23":"owp-thumbs-layout-horizontal","24":"owp-btn-normal","25":"owp-tabs-layout-horizontal","26":"has-no-thumbnails"},"_links":{"self":[{"href":"https:\/\/pwlibra.pl\/index.php\/wp-json\/wp\/v2\/product\/4691","targetHints":{"allow":["GET"]}}],"collection":[{"href":"https:\/\/pwlibra.pl\/index.php\/wp-json\/wp\/v2\/product"}],"about":[{"href":"https:\/\/pwlibra.pl\/index.php\/wp-json\/wp\/v2\/types\/product"}],"version-history":[{"count":1,"href":"https:\/\/pwlibra.pl\/index.php\/wp-json\/wp\/v2\/product\/4691\/revisions"}],"predecessor-version":[{"id":4693,"href":"https:\/\/pwlibra.pl\/index.php\/wp-json\/wp\/v2\/product\/4691\/revisions\/4693"}],"wp:featuredmedia":[{"embeddable":true,"href":"https:\/\/pwlibra.pl\/index.php\/wp-json\/wp\/v2\/media\/4692"}],"wp:attachment":[{"href":"https:\/\/pwlibra.pl\/index.php\/wp-json\/wp\/v2\/media?parent=4691"}],"wp:term":[{"taxonomy":"authors","embeddable":true,"href":"https:\/\/pwlibra.pl\/index.php\/wp-json\/wp\/v2\/authors?post=4691"},{"taxonomy":"publishers","embeddable":true,"href":"https:\/\/pwlibra.pl\/index.php\/wp-json\/wp\/v2\/publishers?post=4691"},{"taxonomy":"product_brand","embeddable":true,"href":"https:\/\/pwlibra.pl\/index.php\/wp-json\/wp\/v2\/product_brand?post=4691"},{"taxonomy":"product_cat","embeddable":true,"href":"https:\/\/pwlibra.pl\/index.php\/wp-json\/wp\/v2\/product_cat?post=4691"},{"taxonomy":"product_tag","embeddable":true,"href":"https:\/\/pwlibra.pl\/index.php\/wp-json\/wp\/v2\/product_tag?post=4691"}],"curies":[{"name":"wp","href":"https:\/\/api.w.org\/{rel}","templated":true}]}}

Walonowie u Ducha Gór. Podziemne skarby Karkonoszy i Gór Izerskich

<p>Książka</p>

<div class="woocommerce-product-details__short-description">
<p>Wyobraźnia jest jak demiurg. Potrafi stworzyć w umyśle obraz czegoś, co nie istnieje, nadać temu kształt, barwę, fakturę, wpompować w to coś życie. Uwiarygodnić istnienie, które w rzeczywistości nie ma prawa bytu. Skłonić nawet nie tylko do wiary, ale wprost przekonania o nieistniejącym, że istnieje albo i istniejącym, że nie istnieje. Wyobraźnia wątpliwości zamienia w przesłanki, nieścisłości w znaki, emocje w intuicję. Malowane jej pędzlem płótno nigdy nie jest czyste, nigdy nie widać na nim tego, co jest. Ale to nawet lepiej. Wyobraźnia jest przecież od kreowania, a nie od odtwarzania. Nie może więc zostać zweryfikowana.</p>
<p>Zdaje się, że doskonale wiedzieli o tym walonowie, którzy od średniowiecza przeczesywali Karkonosze i Góry Izerskie w poszukiwaniu minerałów i kamieni szlachetnych. Owszem, znajdowali tu wspaniałe okazy ametystów czy granatów, zaiste kreślili mapy dojścia do miejsc wydobycia, w rzeczy samej stworzyli zamkniętą społeczność, rządzącą się własnymi prawami. Jednakowoż to, co wiedziano o owocach ich pracy, o towarzyszących jej niebezpieczeństwach, o zasadach, którymi się kierowali, pozostawało wyłącznie domeną wyobraźni. A tam rządził Duch Gór, podziemne moce, zaklęcia i tajemne rytuały. Temu, kto chciałby przekroczyć próg tego osobliwego teatru, groziła zapłata najwyższej ceny.</p>
<p>Nieodżałowanej pamięci dr Przemysław Wiater, wspaniały regionalista i tłumacz tekstów źródłowych, ze swadą pisze o walonach i krążących wokół nich tajemnicach. Trzecie wydanie jego pracy, które ukazuje się w serii wydawniczej <a href="https://adrem.jgora.pl/produkty/serie-wydawnicze/studia-ryfejskie/"><strong>Studia Ryfejskie</strong></a>, zostało poprawione i rozszerzone m.in. o bardzo interesujące aneksy. <strong>Walonowie u Ducha Gór</strong> to znakomita lektura dla każdego miłośnika Karkonoszy i Gór Izerskich.</p>
<p><strong><em>Sandra Jaskólska</em></strong></p>
</div>
<p><strong>PRZEMYSŁAW WIATER</strong> (1958-2020), Wrocławianin z urodzenia, „góral karkonoski” z wyboru. Dzieciństwo spędził w Jeleniej Górze, gdzie ukończył szkołę podstawową i liceum ogólnokształcące. Jako miłośnik historii wybrał Uniwersytet Wrocławski aby w jego murach ukończyć studia historyczne i studia z zakresu historii sztuki. Jako „podwójny” magister na tym samym uniwersytecie ukończył też studia doktoranckie pisząc rozprawę doktorską pt. <em>Historia wrocławskiej komunikacji tramwajowej do 1945 r. </em>Los chciał, że w 1995 r. powrócił w Karkonosze otrzymując stanowisko kustosza w Domu Carla i Gerharta Hauptmannów w Szklarskiej Porębie prowadzonym jako oddział Muzeum Karkonoskiego, w którym wiosną 2020 r. wygrał konkurs i został jego dyrektorem. Ten powrót obu stronom wyszedł na dobre. Karkonosze zyskały dociekliwego historyka, który tropił i odkrywał zapomniane fakty i ukazywał piękno tych gór szerokim rzeszom czytelników. A Przemysław Wiater znalazł wdzięczny obiekt swych badań naukowych i działalności społecznej. To tu organizował rajd górski <em>Flanela</em> i slalom narciarski <em>Retro</em>, działał w <em>Sudeckim Bractwie Walońskim</em>. Można powiedzieć, że jako naukowiec zaprzyjaźnił się z Duchem Gór. Pisał i publikował dużo na łamach różnych czasopism i w Internecie. Napisał również kilka książek, m.in. <em>Historia wrocławskiej komunikacji tramwajowej do 1945 r., Osada Szklarska Poręba – Orle w Górach Izerskich. Monografia historyczna, Walonowie u Ducha Gór, Laboranci u Ducha Gór, Zauroczeni Karkonoszami, Kuchnia Ducha Gór, Stowarzyszenie Artystów św. Łukasza w Szklarskiej Porębie Górnej</em>. Wiecznie zabiegany i pracujący jadał chińskie zupy, ale czasami znajdował też chwilę, aby realizować się w kuchni. Spróbujcie Jego smalcu izerskiego! Odszedł od nas 20 listopada<br />
2020 r. pokonany przez koronawirusa i przewlekłą chorobę.</p>
