{"id":4631,"date":"2025-12-15T14:57:06","date_gmt":"2025-12-15T13:57:06","guid":{"rendered":"https:\/\/pwlibra.pl\/?post_type=product&#038;p=4631"},"modified":"2025-12-15T14:57:06","modified_gmt":"2025-12-15T13:57:06","slug":"gory-jakich-swiat-nie-widzial","status":"publish","type":"product","link":"https:\/\/pwlibra.pl\/index.php\/produkt\/gory-jakich-swiat-nie-widzial\/","title":{"rendered":"G\u00f3ry, jakich \u015bwiat nie widzia\u0142"},"content":{"rendered":"<p>ksi\u0105\u017cka<\/p>\n","protected":false},"excerpt":{"rendered":"<div class=\"woocommerce-product-details__short-description\">\n<p>Zbi\u00f3r opowie\u015bci o G\u00f3rach Olbrzymich, opowie\u015bci, kt\u00f3re bardziej \u201esi\u0119 napisa\u0142y\u201d ni\u017c zosta\u0142y napisane. Cz\u0119\u015b\u0107 z nich oparta jest na dawnych podaniach, jednak ogl\u0105danych na nowo, z perspektywy dot\u0105d nieznanej, a cz\u0119\u015b\u0107 urodzi\u0142a si\u0119 samoistnie, wyszeptana przez karkonoski wiatr i tylko przez Autork\u0119 zapisana. Ba\u015bniowa przyroda, historyczne zdarzenia, nadprzyrodzone zjawiska, legendarne postacie z Duchem G\u00f3r na czele tworz\u0105 mieszank\u0119 pe\u0142n\u0105 czaru, grozy i niedopowiedze\u0144. Bo Karkonosze, cho\u0107 niewysokie, to owiane osobliw\u0105 tajemnic\u0105, inaczej pisa\u0107 o sobie nie pozwalaj\u0105.<\/p>\n<p>Ilustracje do ksi\u0105\u017cki wykona\u0142 Andrzej Boj-Wojtowicz.<\/p>\n<\/div>\n<p>(\u2026) w tej ksi\u0119dze wyobra\u017ania jest wolna; zwierz\u0119ta mog\u0105 m\u00f3wi\u0107, kamienie o\u017cywaj\u0105, Ksi\u0119\u017cyc jest kochankiem Ziemi, G\u00f3ry pojawiaj\u0105 si\u0119 nagle, podniesione jednym szczerym pragnieniem, wn\u0119trze ziemi ja\u015bnieje od cudownych skarb\u00f3w, zamkni\u0119te w sobie ska\u0142y wype\u0142nione s\u0105 my\u015blami i uczuciami tak szczelnie, \u017ce tylko na poz\u00f3r wydaj\u0105 si\u0119 milcz\u0105ce, a w zakamarkach kosodrzewiny, grotach u bram wodospad\u00f3w, kwiatach, dzikich jarach pe\u0142nych paproci, wystrojonych w per\u0142y z kropel rosy, \u017cyj\u0105 rusa\u0142ki i duszki, kt\u00f3rych szept i \u015bmiech roznosi ten wiecznie natchniony w\u0142\u00f3cz\u0119ga wiatr.<\/p>\n<p>Opowiem Ci \u015bwiat, kt\u00f3ry cho\u0107 pe\u0142en tajemnic, jest oswojony, bliski, dobry i pe\u0142en sensu, \u015bwiat, w kt\u00f3rym intuicja, \u017ce tak jest w istocie, nie jest szale\u0144stwem, lecz drogocennym i \u015bwi\u0119tym Prawem.<\/p>\n<p>(\u2026)<\/p>\n<p>Nikt nie wie zatem, jaki naprawd\u0119 jest \u015bwiat.<\/p>\n<p>Dlatego, je\u015bli pojawia si\u0119 w nim Duch G\u00f3r, to znaczy, \u017ce by\u0107 w nim musi, \u017ce jest jakim\u015b kluczem, wytrychem, z pomoc\u0105 kt\u00f3rego mo\u017cemy dotrze\u0107 tam, gdzie inaczej nigdy by\u015bmy nie dotarli, pozostaj\u0105c odarci nawet z wyobra\u017cenia, co te\u017c znajduje si\u0119 we wn\u0119trzu kwiatu b\u0105d\u017a ska\u0142y, a ostatecznie przecie\u017c odarci z tego, co znajduje si\u0119 na dnie ludzkiej Duszy.<\/p>\n<p>Wi\u0119c chod\u017a, zabior\u0119 Ci\u0119 tam, gdzie dotrze\u0107 nie mo\u017cna, a jednak mo\u017cna.<\/p>\n<p>Ze <em>Wst\u0119pu<\/em><\/p>\n","protected":false},"featured_media":4632,"template":"","meta":[],"authors":[140],"publishers":[113],"product_brand":[],"product_cat":[96],"product_tag":[],"class_list":{"0":"post-4631","1":"product","2":"type-product","3":"status-publish","4":"has-post-thumbnail","6":"authors-jaskolska-sandra","7":"publishers-wydawnictwo-ad-rem","8":"product_cat-ksiazki","9":"entry","10":"has-media","13":"first","14":"instock","15":"taxable","16":"shipping-taxable","17":"purchasable","18":"product-type-simple","19":"has-product-nav","20":"col","21":"span_1_of_4","22":"owp-content-center","23":"owp-thumbs-layout-horizontal","24":"owp-btn-normal","25":"owp-tabs-layout-horizontal","26":"has-no-thumbnails"},"_links":{"self":[{"href":"https:\/\/pwlibra.pl\/index.php\/wp-json\/wp\/v2\/product\/4631","targetHints":{"allow":["GET"]}}],"collection":[{"href":"https:\/\/pwlibra.pl\/index.php\/wp-json\/wp\/v2\/product"}],"about":[{"href":"https:\/\/pwlibra.pl\/index.php\/wp-json\/wp\/v2\/types\/product"}],"version-history":[{"count":1,"href":"https:\/\/pwlibra.pl\/index.php\/wp-json\/wp\/v2\/product\/4631\/revisions"}],"predecessor-version":[{"id":4633,"href":"https:\/\/pwlibra.pl\/index.php\/wp-json\/wp\/v2\/product\/4631\/revisions\/4633"}],"wp:featuredmedia":[{"embeddable":true,"href":"https:\/\/pwlibra.pl\/index.php\/wp-json\/wp\/v2\/media\/4632"}],"wp:attachment":[{"href":"https:\/\/pwlibra.pl\/index.php\/wp-json\/wp\/v2\/media?parent=4631"}],"wp:term":[{"taxonomy":"authors","embeddable":true,"href":"https:\/\/pwlibra.pl\/index.php\/wp-json\/wp\/v2\/authors?post=4631"},{"taxonomy":"publishers","embeddable":true,"href":"https:\/\/pwlibra.pl\/index.php\/wp-json\/wp\/v2\/publishers?post=4631"},{"taxonomy":"product_brand","embeddable":true,"href":"https:\/\/pwlibra.pl\/index.php\/wp-json\/wp\/v2\/product_brand?post=4631"},{"taxonomy":"product_cat","embeddable":true,"href":"https:\/\/pwlibra.pl\/index.php\/wp-json\/wp\/v2\/product_cat?post=4631"},{"taxonomy":"product_tag","embeddable":true,"href":"https:\/\/pwlibra.pl\/index.php\/wp-json\/wp\/v2\/product_tag?post=4631"}],"curies":[{"name":"wp","href":"https:\/\/api.w.org\/{rel}","templated":true}]}}