{"id":4625,"date":"2025-12-15T14:48:19","date_gmt":"2025-12-15T13:48:19","guid":{"rendered":"https:\/\/pwlibra.pl\/?post_type=product&#038;p=4625"},"modified":"2025-12-15T14:48:19","modified_gmt":"2025-12-15T13:48:19","slug":"gory-izerskie-polskie-i-czeskie-przewodnik","status":"publish","type":"product","link":"https:\/\/pwlibra.pl\/index.php\/produkt\/gory-izerskie-polskie-i-czeskie-przewodnik\/","title":{"rendered":"G\u00f3ry Izerskie. Polskie i Czeskie. Przewodnik"},"content":{"rendered":"<p>przewodnik<\/p>\n","protected":false},"excerpt":{"rendered":"<p><strong>392 strony, 2 mapki pod skrzyde\u0142kami \u2013 zasi\u0119g przewodnika i okolice Jizerki, 5 planik\u00f3w miejscowo\u015bci. Oficyna Wydawnicza \u201eRewasz\u201d \u2013 Wydanie I. Pruszk\u00f3w 2025<\/strong><\/p>\n<p>G\u00f3ry Izerskie, kt\u00f3re po polskiej stronie Sudet\u00f3w stanowi\u0105 ich najdalej na zach\u00f3d wysuni\u0119t\u0105 cz\u0119\u015b\u0107, zawsze by\u0142y w cieniu Karkonoszy. Po pierwsze s\u0105 od nich ni\u017csze, po drugie z powodu, na pierwszy rzut oka, ich mniejszej atrakcyjno\u015bci. Przy bli\u017cszym poznaniu okazuj\u0105 si\u0119 bardzo atrakcyjne i naprawd\u0119 nie spos\u00f3b zgodzi\u0107 si\u0119 z opini\u0105 nestora polskiej turystyki, Mieczys\u0142awa Or\u0142owicza, kt\u00f3ry napisa\u0142: \u201eZalesione wa\u0142y o typie Guba\u0142\u00f3wki, na og\u00f3\u0142 p\u0142askie i pozbawione prze\u0142\u0119czy, poros\u0142e a\u017c po grzbiety pi\u0119knymi lasami i ubogie w widoki to G\u00f3ry Izerskie\u201d.<br \/>\nPrzedzielone granic\u0105, G\u00f3ry Izerskie tworz\u0105 jak gdyby dwa r\u00f3\u017cne \u015bwiaty. Dla os\u00f3b znaj\u0105cych tylko polsk\u0105 cz\u0119\u015b\u0107, to w zasadzie g\u00f3ry do\u015b\u0107 p\u0142askie, z d\u0142ugimi odcinkami, doskonale nadaj\u0105cymi si\u0119 na lekkie spacery, jazd\u0119 rowerem, czy w\u0119dr\u00f3wk\u0119 na nartach. Tymczasem po stronie czeskiej mamy du\u017co ska\u0142, g\u0142\u0119boko wci\u0119tych dolin, stromych zboczy i niezwyk\u0142ych widok\u00f3w. Obie cz\u0119\u015bci r\u00f3\u017cni\u0105 si\u0119 te\u017c pod wzgl\u0119dem kulturowym.<br \/>\nBy zrozumie\u0107 fenomen G\u00f3r Izerskich, trzeba pozna\u0107 je z obu stron granicy. Dzisiaj granic\u0119 przekracza\u0107 mo\u017cemy niemal wsz\u0119dzie \u2013 dotarcie na czesk\u0105 stron\u0119 nie jest trudne i warto tak planowa\u0107 swe trasy, by zahaczy\u0107 w czasie w\u0119dr\u00f3wki o G\u00f3ry Izerskie u naszych po\u0142udniowych s\u0105siad\u00f3w.<\/p>\n","protected":false},"featured_media":4626,"template":"","meta":[],"authors":[137,138],"publishers":[139],"product_brand":[],"product_cat":[101],"product_tag":[],"class_list":{"0":"post-4625","1":"product","2":"type-product","3":"status-publish","4":"has-post-thumbnail","6":"authors-brygier-waldemar","7":"authors-potocka-brygier-katarzyna","8":"publishers-oficyna-wydawnicza-rewasz","9":"product_cat-mapy-i-przewodniki","10":"entry","11":"has-media","14":"first","15":"instock","16":"taxable","17":"shipping-taxable","18":"purchasable","19":"product-type-simple","20":"has-product-nav","21":"col","22":"span_1_of_4","23":"owp-content-center","24":"owp-thumbs-layout-horizontal","25":"owp-btn-normal","26":"owp-tabs-layout-horizontal","27":"has-no-thumbnails"},"_links":{"self":[{"href":"https:\/\/pwlibra.pl\/index.php\/wp-json\/wp\/v2\/product\/4625","targetHints":{"allow":["GET"]}}],"collection":[{"href":"https:\/\/pwlibra.pl\/index.php\/wp-json\/wp\/v2\/product"}],"about":[{"href":"https:\/\/pwlibra.pl\/index.php\/wp-json\/wp\/v2\/types\/product"}],"version-history":[{"count":1,"href":"https:\/\/pwlibra.pl\/index.php\/wp-json\/wp\/v2\/product\/4625\/revisions"}],"predecessor-version":[{"id":4627,"href":"https:\/\/pwlibra.pl\/index.php\/wp-json\/wp\/v2\/product\/4625\/revisions\/4627"}],"wp:featuredmedia":[{"embeddable":true,"href":"https:\/\/pwlibra.pl\/index.php\/wp-json\/wp\/v2\/media\/4626"}],"wp:attachment":[{"href":"https:\/\/pwlibra.pl\/index.php\/wp-json\/wp\/v2\/media?parent=4625"}],"wp:term":[{"taxonomy":"authors","embeddable":true,"href":"https:\/\/pwlibra.pl\/index.php\/wp-json\/wp\/v2\/authors?post=4625"},{"taxonomy":"publishers","embeddable":true,"href":"https:\/\/pwlibra.pl\/index.php\/wp-json\/wp\/v2\/publishers?post=4625"},{"taxonomy":"product_brand","embeddable":true,"href":"https:\/\/pwlibra.pl\/index.php\/wp-json\/wp\/v2\/product_brand?post=4625"},{"taxonomy":"product_cat","embeddable":true,"href":"https:\/\/pwlibra.pl\/index.php\/wp-json\/wp\/v2\/product_cat?post=4625"},{"taxonomy":"product_tag","embeddable":true,"href":"https:\/\/pwlibra.pl\/index.php\/wp-json\/wp\/v2\/product_tag?post=4625"}],"curies":[{"name":"wp","href":"https:\/\/api.w.org\/{rel}","templated":true}]}}

Góry Izerskie. Polskie i Czeskie. Przewodnik

<p><strong>392 strony, 2 mapki pod skrzydełkami – zasięg przewodnika i okolice Jizerki, 5 planików miejscowości. Oficyna Wydawnicza „Rewasz” – Wydanie I. Pruszków 2025</strong></p>
<p>Góry Izerskie, które po polskiej stronie Sudetów stanowią ich najdalej na zachód wysuniętą część, zawsze były w cieniu Karkonoszy. Po pierwsze są od nich niższe, po drugie z powodu, na pierwszy rzut oka, ich mniejszej atrakcyjności. Przy bliższym poznaniu okazują się bardzo atrakcyjne i naprawdę nie sposób zgodzić się z opinią nestora polskiej turystyki, Mieczysława Orłowicza, który napisał: „Zalesione wały o typie Gubałówki, na ogół płaskie i pozbawione przełęczy, porosłe aż po grzbiety pięknymi lasami i ubogie w widoki to Góry Izerskie”.<br />
Przedzielone granicą, Góry Izerskie tworzą jak gdyby dwa różne światy. Dla osób znających tylko polską część, to w zasadzie góry dość płaskie, z długimi odcinkami, doskonale nadającymi się na lekkie spacery, jazdę rowerem, czy wędrówkę na nartach. Tymczasem po stronie czeskiej mamy dużo skał, głęboko wciętych dolin, stromych zboczy i niezwykłych widoków. Obie części różnią się też pod względem kulturowym.<br />
By zrozumieć fenomen Gór Izerskich, trzeba poznać je z obu stron granicy. Dzisiaj granicę przekraczać możemy niemal wszędzie – dotarcie na czeską stronę nie jest trudne i warto tak planować swe trasy, by zahaczyć w czasie wędrówki o Góry Izerskie u naszych południowych sąsiadów.</p>
