{"id":4586,"date":"2025-12-15T13:17:54","date_gmt":"2025-12-15T12:17:54","guid":{"rendered":"https:\/\/pwlibra.pl\/?post_type=product&#038;p=4586"},"modified":"2025-12-15T13:17:55","modified_gmt":"2025-12-15T12:17:55","slug":"perly-znad-kwisy","status":"publish","type":"product","link":"https:\/\/pwlibra.pl\/index.php\/produkt\/perly-znad-kwisy\/","title":{"rendered":"Per\u0142y znad Kwisy"},"content":{"rendered":"<p>ksi\u0105\u017cka<\/p>\n","protected":false},"excerpt":{"rendered":"<p>W tej ksi\u0105\u017cce znany badacz i dokumentalista Janusz Skowro\u0144ski pisze m.in. o<\/p>\n<p>\u2013 po\u0142awianiu pere\u0142 s\u0142odkowodnych w Kwisie w XVI-XIX w.,<\/p>\n<p>\u2013 budowie dw\u00f3ch zap\u00f3r na Kwisie: w okolicach Le\u015bnej, u podn\u00f3\u017ca zamku Czocha (uko\u0144czona w 1905 r.) i w Z\u0142otnikach (uko\u0144czona w 1924 r.),<\/p>\n<p>\u2013 losach robotnik\u00f3w przymusowych z Luksemburga, przyzwiezionych na Dolny \u015al\u0105sk w 1942 r. na skutek represji niemieckich po zorganizowaniu 30 VIII 1942 r. strajku generalnego w Luksemburgu,<\/p>\n<p>\u2013 historii pa\u0142acu w Biedrzychowicach, gdzie mie\u015bci\u0142a si\u0119 jedna ze skrytek dzie\u0142 sztuki przygotowana na polecenie generalnego konserwatora Prowincji \u015al\u0105skiej G. Grundmanna,<\/p>\n<p>\u2013 dziejach zamku w \u015awieciu mi\u0119dzy Le\u015bna i \u015awieradowem-Zdrojem,<\/p>\n<p>\u2013 nowych ustaleniach w sprawie tajemnic zamku Czocha,<\/p>\n<p>\u2013 nie wyja\u015bnionych do dzi\u015b okoliczno\u015bciach \u015bmierci Henryka Lambora, pod koniec wojny przypuszczalnie komendanta \u017candarmerii AK na region po\u0142udniowej Polski, a w 1945 r. prawdopodobnie szefa utworzonego w Lubaniu III Rejonu Inspektoratu G\u00f3rno\u015bl\u0105skiego WiN, wchodz\u0105cego w sk\u0142ad tzw. Eksterytorialnego Okr\u0119gu Lwowskiego,<\/p>\n<p>\u2013 sztolniach wykutych przez Niemc\u00f3w pod G\u00f3r\u0105 Zamkowa w Lubaniu,<\/p>\n<p>\u2013 odnalezionych przez J. Skowro\u0144skiego nieznanych listach mjr. H. Sucharskiego, komendanta Wojskowej Sk\u0142adnicy Tranzytowej na Westerplatte, do siostrzenicy Natalii, \u015bwiadcz\u0105cych o g\u0142\u0119bokiej religijno\u015bci majora,<\/p>\n<p>\u2013 zapomnianym obro\u0144cy Westerplatte, strz. Boles\u0142awie Horbaczu, kt\u00f3ry po wojnie osiad\u0142 w Zar\u0119bie ko\u0142o Lubania,<\/p>\n<p>\u2013 podr\u00f3\u017cy kard. Karola Wojty\u0142y na \u0141u\u017cyce w 1972 r., gdzie spotka\u0142 si\u0119 z przedstawicielami Ko\u015bcio\u0142a prowadz\u0105cymi prac\u0119 duszpastersk\u0105 w\u015br\u00f3d Serbo\u0142u\u017cyczan.<\/p>\n<p>Ogromnie cennym dodatkiem do ksi\u0105\u017cki jest reprodukcja prze\u0142o\u017conej na j. polski niemieckiej publikacji z 1925 r., wydanej z okazji uko\u0144czenia budowy zapory w Z\u0142otnikach na Kwisie, w kt\u00f3rej dok\u0142adnie opisano t\u0119 zapor\u0119 oraz zapor\u0119 w pobli\u017cu Le\u015bnej. Zamieszczono dok\u0142adne rysunki konstrukcyjne obu zap\u00f3r, kt\u00f3re nigdy p\u00f3\u017aniej nie zosta\u0142y opublikowane\u2026 Dotyczy to zw\u0142aszcza okresu Polski Ludowej, gdy wszelkie zdj\u0119cia i rysunki zap\u00f3r wodnych obj\u0119te by\u0142y \u015bcis\u0142\u0105 tajemnic\u0105.<\/p>\n","protected":false},"featured_media":4587,"template":"","meta":[],"authors":[110],"publishers":[120],"product_brand":[],"product_cat":[96],"product_tag":[],"class_list":{"0":"post-4586","1":"product","2":"type-product","3":"status-publish","4":"has-post-thumbnail","6":"authors-skowronski-janusz","7":"publishers-wydawnictwo-cb","8":"product_cat-ksiazki","9":"entry","10":"has-media","13":"first","14":"instock","15":"taxable","16":"shipping-taxable","17":"purchasable","18":"product-type-simple","19":"has-product-nav","20":"col","21":"span_1_of_4","22":"owp-content-center","23":"owp-thumbs-layout-horizontal","24":"owp-btn-normal","25":"owp-tabs-layout-horizontal","26":"has-no-thumbnails"},"_links":{"self":[{"href":"https:\/\/pwlibra.pl\/index.php\/wp-json\/wp\/v2\/product\/4586","targetHints":{"allow":["GET"]}}],"collection":[{"href":"https:\/\/pwlibra.pl\/index.php\/wp-json\/wp\/v2\/product"}],"about":[{"href":"https:\/\/pwlibra.pl\/index.php\/wp-json\/wp\/v2\/types\/product"}],"version-history":[{"count":1,"href":"https:\/\/pwlibra.pl\/index.php\/wp-json\/wp\/v2\/product\/4586\/revisions"}],"predecessor-version":[{"id":4588,"href":"https:\/\/pwlibra.pl\/index.php\/wp-json\/wp\/v2\/product\/4586\/revisions\/4588"}],"wp:featuredmedia":[{"embeddable":true,"href":"https:\/\/pwlibra.pl\/index.php\/wp-json\/wp\/v2\/media\/4587"}],"wp:attachment":[{"href":"https:\/\/pwlibra.pl\/index.php\/wp-json\/wp\/v2\/media?parent=4586"}],"wp:term":[{"taxonomy":"authors","embeddable":true,"href":"https:\/\/pwlibra.pl\/index.php\/wp-json\/wp\/v2\/authors?post=4586"},{"taxonomy":"publishers","embeddable":true,"href":"https:\/\/pwlibra.pl\/index.php\/wp-json\/wp\/v2\/publishers?post=4586"},{"taxonomy":"product_brand","embeddable":true,"href":"https:\/\/pwlibra.pl\/index.php\/wp-json\/wp\/v2\/product_brand?post=4586"},{"taxonomy":"product_cat","embeddable":true,"href":"https:\/\/pwlibra.pl\/index.php\/wp-json\/wp\/v2\/product_cat?post=4586"},{"taxonomy":"product_tag","embeddable":true,"href":"https:\/\/pwlibra.pl\/index.php\/wp-json\/wp\/v2\/product_tag?post=4586"}],"curies":[{"name":"wp","href":"https:\/\/api.w.org\/{rel}","templated":true}]}}

Perły znad Kwisy

<p>książka</p>

<p>W tej książce znany badacz i dokumentalista Janusz Skowroński pisze m.in. o</p>
<p>– poławianiu pereł słodkowodnych w Kwisie w XVI-XIX w.,</p>
<p>– budowie dwóch zapór na Kwisie: w okolicach Leśnej, u podnóża zamku Czocha (ukończona w 1905 r.) i w Złotnikach (ukończona w 1924 r.),</p>
<p>– losach robotników przymusowych z Luksemburga, przyzwiezionych na Dolny Śląsk w 1942 r. na skutek represji niemieckich po zorganizowaniu 30 VIII 1942 r. strajku generalnego w Luksemburgu,</p>
<p>– historii pałacu w Biedrzychowicach, gdzie mieściła się jedna ze skrytek dzieł sztuki przygotowana na polecenie generalnego konserwatora Prowincji Śląskiej G. Grundmanna,</p>
<p>– dziejach zamku w Świeciu między Leśna i Świeradowem-Zdrojem,</p>
<p>– nowych ustaleniach w sprawie tajemnic zamku Czocha,</p>
<p>– nie wyjaśnionych do dziś okolicznościach śmierci Henryka Lambora, pod koniec wojny przypuszczalnie komendanta żandarmerii AK na region południowej Polski, a w 1945 r. prawdopodobnie szefa utworzonego w Lubaniu III Rejonu Inspektoratu Górnośląskiego WiN, wchodzącego w skład tzw. Eksterytorialnego Okręgu Lwowskiego,</p>
<p>– sztolniach wykutych przez Niemców pod Górą Zamkowa w Lubaniu,</p>
<p>– odnalezionych przez J. Skowrońskiego nieznanych listach mjr. H. Sucharskiego, komendanta Wojskowej Składnicy Tranzytowej na Westerplatte, do siostrzenicy Natalii, świadczących o głębokiej religijności majora,</p>
<p>– zapomnianym obrońcy Westerplatte, strz. Bolesławie Horbaczu, który po wojnie osiadł w Zarębie koło Lubania,</p>
<p>– podróży kard. Karola Wojtyły na Łużyce w 1972 r., gdzie spotkał się z przedstawicielami Kościoła prowadzącymi pracę duszpasterską wśród Serbołużyczan.</p>
<p>Ogromnie cennym dodatkiem do książki jest reprodukcja przełożonej na j. polski niemieckiej publikacji z 1925 r., wydanej z okazji ukończenia budowy zapory w Złotnikach na Kwisie, w której dokładnie opisano tę zaporę oraz zaporę w pobliżu Leśnej. Zamieszczono dokładne rysunki konstrukcyjne obu zapór, które nigdy później nie zostały opublikowane… Dotyczy to zwłaszcza okresu Polski Ludowej, gdy wszelkie zdjęcia i rysunki zapór wodnych objęte były ścisłą tajemnicą.</p>
