{"id":4555,"date":"2025-12-14T14:42:27","date_gmt":"2025-12-14T13:42:27","guid":{"rendered":"https:\/\/pwlibra.pl\/?post_type=product&#038;p=4555"},"modified":"2025-12-14T14:42:28","modified_gmt":"2025-12-14T13:42:28","slug":"malarz-zapomnianego-pejzazu","status":"publish","type":"product","link":"https:\/\/pwlibra.pl\/index.php\/produkt\/malarz-zapomnianego-pejzazu\/","title":{"rendered":"Malarz zapomnianego pejza\u017cu"},"content":{"rendered":"<p>ksi\u0105\u017cka<\/p>\n","protected":false},"excerpt":{"rendered":"<p>\u201eBy\u0142em zaskoczony, kiedy zaproponowano mi drugie, zmienione wydanie mojego skromnego eseju o Mistrzu Wlastimilu w Polsce. Pierwsze wydanie ukaza\u0142o si\u0119 w Londynie dziesi\u0105tki lat temu, bo w 1981 roku nak\u0142adem Oficyny Poet\u00f3w i Malarzy. Nigdy nie publikowa\u0142em w kraju. Jestem wy\u0142\u0105cznie odnotowywany w mojej ojczy\u017anie jako pisarz emigracyjny, st\u0105d moje wzruszenie, \u017ce akurat ta skromna ksi\u0105\u017ceczka o moim ukochanym malarzu pozwala mi na spotkanie z Czytelnikiem w Polsce\u201d. (Od Autora, na sta\u0142e mieszka w USA)<\/p>\n","protected":false},"featured_media":4556,"template":"","meta":[],"authors":[112],"publishers":[113],"product_brand":[],"product_cat":[15],"product_tag":[],"class_list":{"0":"post-4555","1":"product","2":"type-product","3":"status-publish","4":"has-post-thumbnail","6":"authors-dusza-edward","7":"publishers-wydawnictwo-ad-rem","8":"product_cat-bez-kategorii","9":"entry","10":"has-media","13":"first","14":"instock","15":"taxable","16":"shipping-taxable","17":"purchasable","18":"product-type-simple","19":"has-product-nav","20":"col","21":"span_1_of_4","22":"owp-content-center","23":"owp-thumbs-layout-horizontal","24":"owp-btn-normal","25":"owp-tabs-layout-horizontal","26":"has-no-thumbnails"},"_links":{"self":[{"href":"https:\/\/pwlibra.pl\/index.php\/wp-json\/wp\/v2\/product\/4555","targetHints":{"allow":["GET"]}}],"collection":[{"href":"https:\/\/pwlibra.pl\/index.php\/wp-json\/wp\/v2\/product"}],"about":[{"href":"https:\/\/pwlibra.pl\/index.php\/wp-json\/wp\/v2\/types\/product"}],"version-history":[{"count":1,"href":"https:\/\/pwlibra.pl\/index.php\/wp-json\/wp\/v2\/product\/4555\/revisions"}],"predecessor-version":[{"id":4557,"href":"https:\/\/pwlibra.pl\/index.php\/wp-json\/wp\/v2\/product\/4555\/revisions\/4557"}],"wp:featuredmedia":[{"embeddable":true,"href":"https:\/\/pwlibra.pl\/index.php\/wp-json\/wp\/v2\/media\/4556"}],"wp:attachment":[{"href":"https:\/\/pwlibra.pl\/index.php\/wp-json\/wp\/v2\/media?parent=4555"}],"wp:term":[{"taxonomy":"authors","embeddable":true,"href":"https:\/\/pwlibra.pl\/index.php\/wp-json\/wp\/v2\/authors?post=4555"},{"taxonomy":"publishers","embeddable":true,"href":"https:\/\/pwlibra.pl\/index.php\/wp-json\/wp\/v2\/publishers?post=4555"},{"taxonomy":"product_brand","embeddable":true,"href":"https:\/\/pwlibra.pl\/index.php\/wp-json\/wp\/v2\/product_brand?post=4555"},{"taxonomy":"product_cat","embeddable":true,"href":"https:\/\/pwlibra.pl\/index.php\/wp-json\/wp\/v2\/product_cat?post=4555"},{"taxonomy":"product_tag","embeddable":true,"href":"https:\/\/pwlibra.pl\/index.php\/wp-json\/wp\/v2\/product_tag?post=4555"}],"curies":[{"name":"wp","href":"https:\/\/api.w.org\/{rel}","templated":true}]}}